by 1638.
12
What is the remainder when 1224 is divided by 7?
6
Calculate the remainder when 398 is divided by 198.
2
Calculate the remainder when 3919 is divided by 98.
97
Calculate the remainder when 857 is divided by 51.
41
Calculate the remainder when 765 is divided by 194.
183
Calculate the remainder when 182 is divided by 73.
36
What is the remainder when 1005 is divided by 436?
133
Calculate the remainder when 1161 is divided by 166.
165
Calculate the remainder when 493 is divided by 28.
17
Calculate the remainder when 561 is divided by 277.
7
What is the remainder when 3392 is divided by 564?
8
What is the remainder when 282 is divided by 68?
10
Calculate the remainder when 32 is divided by 2.
0
What is the remainder when 106 is divided by 18?
16
Calculate the remainder when 718 is divided by 94.
60
Calculate the remainder when 239 is divided by 55.
19
Calculate the remainder when 2628 is divided by 188.
184
Calculate the remainder when 72 is divided by 4.
0
What is the remainder when 48 is divided by 10?
8
What is the remainder when 40 is divided by 28?
12
What is the remainder when 539 is divided by 13?
6
Calculate the remainder when 881 is divided by 26.
23
Calculate the remainder when 49 is divided by 16.
1
What is the remainder when 231 is divided by 59?
54
What is the remainder when 188 is divided by 16?
12
Calculate the remainder when 177 is divided by 60.
57
Calculate the remainder when 92 is divided by 26.
14
Calculate the remainder when 242 is divided by 31.
25
What is the remainder when 3710 is divided by 64?
62
Calculate the remainder when 2610 is divided by 1304.
2
Calculate the remainder when 35 is divided by 14.
7
What is the remainder when 13142 is divided by 13?
12
What is the remainder when 194 is divided by 81?
32
What is the remainder when 707 is divided by 700?
7
Calculate the remainder when 20 is divided by 4.
0
Calculate the remainder when 383 is divided by 123.
14
What is the remainder when 368 is divided by 90?
8
What is the remainder when 1485 is divided by 79?
63
What is the remainder when 226 is divided by 107?
12
Calculate the remainder when 87 is divided by 3.
0
What is the remainder when 789 is divided by 94?
37
Calculate the remainder when 398 is divided by 15.
8
Calculate the remainder when 2101 is divided by 81.
76
What is the remainder when 546 is divided by 92?
86
Calculate the remainder when 6304 is divided by 17.
14
Calculate the remainder when 8 is divided by 3.
2
Calculate the remainder when 62 is divided by 59.
3
What is the remainder when 944 is divided by 2?
0
What is the remainder when 7426 is divided by 12?
10
What is the remainder when 6450 is divided by 3225?
0
Calculate the remainder when 1390 is divided by 135.
40
Calculate the remainder when 396 is divided by 75.
21
What is the remainder when 2285 is divided by 143?
140
What is the remainder when 442 is divided by 134?
40
What is the remainder when 16056 is divided by 74?
72
What is the remainder when 1215 is divided by 91?
32
Calculate the remainder when 231 is divided by 40.
31
Calculate the remainder when 123 is divided by 8.
3
What is the remainder when 142 is divided by 36?
34
Calculate the remainder when 3276 is divided by 16.
12
What is the remainder when 281 is divided by 97?
87
What is the remainder when 54 is divided by 16?
6
What is the remainder when 321 is divided by 23?
22
What is the remainder when 491 is divided by 15?
11
What is the remainder when 158 is divided by 69?
20
Calculate the remainder when 6993 is divided by 3492.
9
What is the remainder when 77 is divided by 16?
13
What is the remainder when 75 is divided by 40?
35
Calculate the remainder when 10691 is divided by 324.
323
Calculate the remainder when 1544 is divided by 3.
2
Calculate the remainder when 2442 is divided by 94.
92
What is the remainder when 181 is divided by 37?
33
Calculate the remainder when 160 is divided by 85.
75
Calculate the remainder when 135 is divided by 16.
7
Calculate the remainder when 22 is divided by 17.
5
What is the remainder when 148 is divided by 15?
13
What is the remainder when 687 is divided by 69?
66
What is the remainder when 15 is divided by 2?
1
What is the remainder when 617 is divided by 204?
5
What is the remainder when 89 is divided by 15?
14
Calculate the remainder when 1886 is divided by 603.
77
What is the remainder when 263 is divided by 44?
43
What is the remainder when 3093 is divided by 18?
15
What is the remainder when 35 is divided by 25?
10
Calculate the remainder when 86 is divided by 42.
2
Calculate the remainder when 37 is divided by 14.
9
What is the remainder when 662 is divided by 135?
122
What is the remainder when 943 is divided by 178?
53
Calculate the remainder when 6186 is divided by 52.
50
Calculate the remainder when 71 is divided by 24.
23
Calculate the remainder when 415 is divided by 22.
19
What is the remainder when 190 is divided by 81?
28
What is the remainder when 4777 is divided by 84?
73
Calculate the remainder when 38005 is divided by 17.
10
What is the remainder when 117 is divided by 34?
15
What is the remainder when 2162 is divided by 240?
2
What is the remainder when 725 is divided by 106?
89
Calculate the remainder when 218 is divided by 56.
50
What is the remainder when 202 is divided by 7?
6
What is the remainder when 932 is divided by 14?
8
Calculate the remainder when 531 is divided by 40.
11
What is the remainder when 177 is divided by 62?
53
What is the remainder when 831 is divided by 273?
12
What is the remainder when 762 is divided by 758?
4
What is the remainder when 2163 is divided by 259?
91
What is the remainder when 747 is divided by 170?
67
What is the remainder when 845 is divided by 23?
17
Calculate the remainder when 617 is divided by 85.
22
Calculate the remainder when 282 is divided by 32.
26
What is the remainder when 408 is divided by 128?
24
Calculate the remainder when 294 is divided by 47.
12
What is the remainder when 1163 is divided by 32?
11
Calculate the remainder when 250 is divided by 122.
6
Calculate the remainder when 86 is divided by 12.
2
Calculate the remainder when 594 is divided by 190.
24
What is the remainder when 124 is divided by 6?
4
Calculate the remainder when 181 is divided by 139.
42
Calculate the remainder when 472 is divided by 127.
91
Calculate the remainder when 249 is divided by 243.
6
What is the remainder when 4646 is divided by 47?
40
Calculate the remainder when 237 is divided by 31.
20
What is the remainder when 1724 is divided by 14?
2
Calculate the remainder when 94 is divided by 32.
30
What is the remainder when 9367 is divided by 66?
61
What is the remainder when 6419 is divided by 493?
10
What is the remainder when 298 is divided by 17?
9
What is the remainder when 32319 is divided by 10?
9
What is the remainder when 167 is divided by 42?
41
What is the remainder when 4019 is divided by 60?
59
What is the remainder when 180 is divided by 87?
6
What is the remainder when 413 is divided by 37?
6
What is the remainder when 904 is divided by 21?
1
Calculate the remainder when 61 is divided by 16.
13
Calculate the remainder when 2157 is divided by 144.
141
What is the remainder when 158 is divided by 52?
2
Calculate the remainder when 3252 is divided by 180.
12
Calculate the remainder when 7916 is divided by 273.
272
What is the remainder when 289 is divided by 94?
7
Calculate the remainder when 7699 is divided by 110.
109
Calculate the remainder when 3869 is divided by 105.
89
Calculate the remainder when 802 is divided by 369.
64
What is the remainder when 13085 is divided by 32?
29
Calculate the remainder when 763 is divided by 85.
83
What is the remainder when 431 is divided by 52?
15
Calculate the remainder when 389 is divided by 54.
11
What is the remainder when 878 is divided by 67?
7
Calculate the remainder when 117 is divided by 42.
33
Calculate the remainder when 541 is divided by 33.
13
Calculate the remainder when 709 is divided by 22.
5
Calculate the remainder when 33 is divided by 7.
5
Calculate the remainder when 19 is divided by 8.
3
Calculate the remainder when 199 is divided by 71.
57
What is the remainder when 80 is divided by 41?
39
Calculate the remainder when 445 is divided by 28.
25
What is the 